alculate the remainder when 921 is divided by d(-3).
1
Suppose -53*q = -28*q - 11750. Suppose -5*k = -d - q, 3*k + 106 - 388 = -d. What is the remainder when k is divided by 44?
6
Suppose -5*k - 8*k = -277 - 412. Calculate the remainder when 2967 is divided by k.
52
Let x(y) = y**3 - y**2 + y - 88. Let t be x(0). Let l be 2*-4*(-66)/t. Let u = 17 + l. Calculate the remainder when 43 is divided by u.
10
Let d(w) = 2*w**3 - 4*w**2 + 3*w - 4. Suppose -5*b + 4*h + 350 = 5*h, -4*b - 4*h = -296. Let r = b + -26. Calculate the remainder when r is divided by d(3).
20
Let j = 292 - 281. Suppose 210*x = 209*x + j. Calculate the remainder when 50 is divided by x.
6
Suppose 2 = -2*k, -14*k + 19*k = 3*q + 958. Let f = 340 + q. What is the remainder when f is divided by 11?
8
Let j(n) = 17*n**2 - n - 14. Let s(d) = 17*d**3 - 2*d**2 + 52*d - 50. What is the remainder when j(4) is divided by s(1)?
16
Let n(a) = a**3 - 33*a**2 + 62*a + 5. Let w be n(31). Suppose -4*j - l + 4*l + 64 = 0, -w*j + 45 = 5*l. What is the remainder when 50 is divided by j?
11
Suppose -45*j + 48*j = 2*g - 318, -j + 4*g - 116 = 0. Let v = 158 - j. What is the remainder when v is divided by 66?
64
Suppose 5*c = 9*c - 36. Suppose n - 4*i - 7 = 11, 3*i = -c. Let k(g) = 2*g**2 + 2*g - 4. What is the remainder when k(-6) is divided by n?
2
What is the remainder when 1532 is divided by (4 + 1)*(-7)/(875/(-300))?
8
Suppose 1 = -4*o + 5*f + 94, -2*o + 45 = -3*f. What is the remainder when 455 is divided by o?
23
Suppose 210 = 2*a + 3*d - 5*d, -3*a + 5*d = -321. Suppose -97*k - 150 = -a*k. What is the remainder when 329 is divided by k?
29
Suppose -w + r + 35 = 0, 4*w - 3*r = 8*w - 175. Suppose 1134 = -26*u + w*u. Calculate the remainder when 235 is divided by u.
73
Let t be (-1 - -169)/(12/32). Suppose -1832 = -8*z + t. What is the remainder when z is divided by 26?
25
Let u(b) be the first derivative of -b**3/3 + 18*b**2 - 167*b - 107. Calculate the remainder when u(26) is divided by 48.
45
What is the remainder when 10 - (12/(-10))/(88/148060) is divided by 40?
29
Suppose -2*m + 258 = 252. Suppose -m*r - 2013 = -4*c, 18*r + 499 = c + 13*r. Calculate the remainder when c is divided by 46.
44
Let g = 34 - 115. Let w = -88 - g. Let s = w + 58. Calculate the remainder when s is divided by 18.
15
Calculate the remainder when (-6087)/(-39) - (-12)/(-156) is divided by 57.
42
Suppose 8*p + 11 = 155. Suppose 0 = -p*v - 4 + 472. Calculate the remainder when 80 is divided by v.
2
Let v(a) = 160*a - 1237. What is the remainder when 211 is divided by v(8)?
39
Suppose -594*w + 1172*w + 2250 = 603*w. What is the remainder when 5129 is divided by w?
89
Let h be (14/(-6))/(1/(-6)). Let b(n) = -n**2 + 15*n + 2 - 3 + 5. Calculate the remainder when 28 is divided by b(h).
10
Calculate the remainder when 1881 is divided by (263 - -16)/(63/84).
21
Let l be ((-2)/3 + 61/6)*6. Suppose -2*h + l = 2*h - 3*b, -4*b = h. What is the remainder when 4*8/12*12 is divided by h?
8
Suppose -2*t + 2 = -z, -3*t + 55 = -0*z + 5*z. Suppose 94 = z*n - 10*n. Let y = n - -65. Calculate the remainder when y is divided by 4.
2
Let u be (-5)/40 - (-20060)/(-32). Let a = -546 - u. Calculate the remainder when 309 is divided by a.
66
Suppose -b = 3*j - 18, 2*b - 2*j - 2 = -2*b. Suppose -b*m = -1 - 32. What is the remainder when ((-62)/(-8))/(5/20) is divided by m?
9
Let h = -9173 - -17252. What is the remainder when h is divided by 80?
79
Let r = -5682 + 6799. What is the remainder when r is divided by 1099?
18
Let c = 553 - 554. Let d(l) be the first derivative of -76*l**4 - 2*l**3/3 - l**2 - l - 7. Calculate the remainder when d(c) is divided by 38.
37
Let m = 27 - 15. Suppose 4 = -k, 4*c + 2*k = k + m. Let l = -284 + 304. Calculate the remainder when l is divided by c.
0
Let d(i) = 12*i**2 - i + 1. Let n be d(2). Let u = 99 - n. Suppose -5*z + 2*t + 137 = 0, 3*z - 4*t + 0 = 85. Calculate the remainder when u is divided by z.
25
Suppose -209*r + 8004 = -35*r. Let k = 405 - -2021. What is the remainder when (-4)/(-18) - k/(-18) is divided by r?
43
What is the remainder when 505 is divided by ((3552/18)/(-8))/(22/(-231))?
246
Suppose -5*s + 45 - 15 = 0. Let l = -1 + s. Suppose -2*c - 3*a + 7*a = 6, -4*c - 5*a + 14 = 0. What is the remainder when l is divided by c?
0
Let l = -2531 + 2584. Calculate the remainder when l is divided by 34.
19
Suppose 4*p - 12 = 8*p. Let l be -5*(-2 - p)*-1. Suppose 13 - l = 4*d. Calculate the remainder when 7 is divided by d.
1
Calculate the remainder when (-21393)/(15 + -24) + -6 is divided by 66.
61
Let g = 71 - 51. Let y(r) = 218*r + 32755. What is the remainder when y(-150) is divided by g?
15
Suppose -178 = 14*d - 360. Let a(w) = w**2 + w + 8. What is the remainder when a(-4) is divided by d?
7
Let s = -111 + -45. Let i = s + 163. What is the remainder when 129 is divided by i?
3
Let k = -6380 + 6553. Calculate the remainder when 858 is divided by k.
166
Suppose -2*h = y - 300, -2*h + 6*h + y - 598 = 0. Calculate the remainder when 514 is divided by h.
67
Suppose -63*y = -53*y - 2090. Let g(f) = -f**3 + 22*f**2 - f + 43. What is the remainder when y is divided by g(22)?
20
Suppose -12 = -5*w + 133. Let i = -6091 + 6523. What is the remainder when i is divided by w?
26
Suppose 1148*l - 1146*l - 74 = 0. What is the remainder when 319 is divided by l?
23
Let f = -777 + 771. Let l(h) = -22*h - 126. Calculate the remainder when 29 is divided by l(f).
5
Calculate the remainder when (16*20)/(2625/2100) is divided by 117.
22
Let a = -315 + 650. Let f = -78 + a. What is the remainder when f is divided by 20?
17
Suppose 0*d + 10*d + 24240 = 58*d. What is the remainder when d is divided by 128?
121
Let j(h) = h**2 + 12*h - 11. Let b be j(-13). Suppose -5*n + 45 = -b*i, -24*n + 23*n = i - 16. Calculate the remainder when 65 is divided by n.
10
Let h = 1677 + -1631. Suppose -10*s + 432 + 938 = 0. Calculate the remainder when s is divided by h.
45
Let w(z) = 2*z + 30. Let r be w(25). Suppose -4*f = -0*f - r. Calculate the remainder when f is divided by 13.
7
Let d(y) = -3*y**3 + 29*y**2 - 7*y - 60. What is the remainder when 47 is divided by d(9)?
8
Let v(w) = -w**3 + 8*w**2 + 9*w + 3. Let o be v(9). Suppose 4*u = 3*k + 166, -o*u = 40*k - 43*k - 123. What is the remainder when 83 is divided by u?
40
What is the remainder when 5 - -1 - (-1 + -8 + -107) is divided by 46?
30
Let o be (12*6/32)/(1/4). Let i = -10 + o. Calculate the remainder when 11 is divided by 2/(-4)*-6 + (-2)/i.
1
Suppose -h + 12*m - 10*m + 27 = 0, -5*m = 2*h - 36. Calculate the remainder when h is divided by 13.
10
Let z = -39209 + 39362. What is the remainder when z is divided by 28?
13
Suppose -5*a + 135 + 3317 = -4*r, 4*a - 2770 = 6*r. What is the remainder when a is divided by 331?
26
Let q(m) = -62*m + 8. Let r be q(1). Let b be r/5*(-50)/(-15). Calculate the remainder when 175/(-10)*b/15 is divided by 11.
9
Suppose 0 = -k + 10 + 2. Suppose k = d + 2*s - 0, 0 = 2*s. What is the remainder when 70 is divided by d?
10
Let v(w) = -4*w**2 + 77*w - 60. Calculate the remainder when 513 is divided by v(14).
45
Let b(d) = -3*d**2 + 25*d + 26. Suppose 7 = -7*x + 63. Calculate the remainder when 59 is divided by b(x).
25
Let d(u) = -u**3 + 5*u**2 - 3*u - 3. Let v be d(2). Suppose -v*h - 25 = -91. Calculate the remainder when 217 is divided by h.
19
Let d(p) = -2*p - 29. Let b be d(-26). Suppose -b*c + 30*c = -854. Let o = 130 + c. Calculate the remainder when 28 is divided by o.
4
Suppose -11*m + 13256 + 6362 = 6*m. Calculate the remainder when m is divided by 67.
15
Let c(d) be the first derivative of d**4/4 - 2*d**2 - d + 28. Calculate the remainder when 137 is divided by c(3).
11
Suppose -3*x + 9 = 0, 158 + 862 = u + 5*x. Calculate the remainder when u is divided by 36.
33
Let m = 1179 - 1029. What is the remainder when 1349 is divided by m?
149
Let r(k) = 4*k**2 + 48*k + 215. What is the remainder when 973 is divided by r(-8)?
16
Let l = -268186 + 268231. What is the remainder when (-203)/(-1) - (2 + -2) is divided by l?
23
What is the remainder when (-679)/((-14)/(-4)*24/(-84)) is divided by 42?
7
Calculate the remainder when ((-120)/(-50))/(4*2/700) is divided by 27.
21
Suppose -3*k = -4*c - 411, -c = 2*k - 0*c - 263. Let u = -246 + 297. Suppo